 18 - k = 0. Calculate the highest common factor of 69 and z.
23
Let n(x) = 33*x**2 + x + 1. Let z be n(2). Let c = z - 75. Suppose 43 - 115 = -6*f. What is the greatest common factor of f and c?
12
Let a be (-30)/9*(-72)/20. Suppose 15*f = a*f + 30. Calculate the highest common factor of f and 70.
10
Let v = 41 + -7. Suppose 0 = -10*c + v + 386. Calculate the highest common factor of 7 and c.
7
Let x(p) = -37 - 45*p + 87*p - 47*p. Let f be x(-13). What is the greatest common factor of 140 and f?
28
Suppose 4*v - 20 = -v. Suppose 0 = v*k - 3*k - 9. Calculate the greatest common divisor of k and 36.
9
Let m be ((-9)/(-6))/((-3)/(-16)). Let q = -533 + 293. Let t be (q/(-25))/(3/10). Calculate the highest common divisor of m and t.
8
Suppose 3*q - d - 77 = 0, 2*q - 2*d = 3*q - 35. Calculate the highest common factor of 27 and q.
27
Suppose -1 = -4*p + 47. Suppose 4*w = 3*l + 192, -l = 4*l. Calculate the highest common factor of p and w.
12
Suppose -3*m + 3 = 6. Let t = 2 - m. Let g be ((-48)/14)/((-12)/42). Calculate the greatest common factor of g and t.
3
Let k = -48 - -90. Let z = 8 - 5. Suppose 0 = 3*r - 5*w - 0*w - 109, z*r + w - 79 = 0. Calculate the greatest common divisor of k and r.
14
Suppose -5*u + 2*x + 2*x = -92, 4*u - 76 = 4*x. Suppose -28 = 9*k - u*k. Calculate the highest common divisor of 32 and k.
4
Let i = 63 - 35. Let f be (-4)/8 + 1276/88. What is the highest common divisor of i and f?
14
Let k(l) = -2*l**2 - 19*l + 34. Let t be k(-10). Calculate the greatest common factor of 204 and t.
12
Let h(f) = -52*f - 2. Let z be h(-1). Let o = z + -8. What is the highest common divisor of o and 14?
14
Let n = -563 - -652. What is the greatest common factor of 267 and n?
89
Suppose 4*k - 3*m - 13159 = 3001, 2*k - 8080 = -3*m. Calculate the greatest common divisor of k and 40.
40
Suppose -20 = 25*q - 21*q. Let j be 28*(q + (-15)/(-2)). What is the highest common divisor of 14 and j?
14
Suppose 4*d = -3*d + 658. What is the greatest common divisor of 470 and d?
94
Let g = 134 - 122. Calculate the highest common divisor of g and 28.
4
Let q(v) = 5*v**3 + 5*v**2 - 6*v + 6. Let o be q(3). Suppose 3*c + c = o. What is the greatest common divisor of c and 14?
14
Let k be ((-308)/(-112))/(2/16). Let g = 40 - -4. Calculate the greatest common factor of k and g.
22
Let r(w) = -w**2 - 12*w - 6. Suppose -6*v + v = 55. Let y be r(v). Suppose 0 = a + 2 - y. What is the highest common factor of a and 1?
1
Let w(m) = -m**2 - 3*m. Let z be w(-5). Let g be ((-18)/(-10) + -3)*z. What is the highest common factor of g and 12?
12
Suppose -38*r + 45 = 7*r. What is the highest common factor of 16 and r?
1
Suppose -189 = 3*u - 6*u. Let i be ((-28)/u)/((-2)/9). Suppose -n = i - 10. Calculate the highest common factor of 16 and n.
8
Suppose 5*w = 5*s - 700, -7*w = -3*w - 8. Calculate the highest common factor of 781 and s.
71
Let y = 498 - 147. Calculate the highest common divisor of 13 and y.
13
Suppose 5*w + 0*w = 5*c - 55, 43 = 5*c - 2*w. What is the greatest common divisor of c and 77?
7
Let p be ((-31)/62)/(1/(-282)). Calculate the greatest common factor of 3 and p.
3
Let l = 3 - -17. Let m be 304/l - 2/10. Calculate the highest common divisor of 6 and m.
3
Let x(o) = -93*o - 536. Let l be x(-8). Calculate the greatest common factor of 39 and l.
13
Suppose b + 15 = d, 2*b = d - b - 15. Let g be ((-48)/15)/((-6)/d). Suppose -2*q + 190 = g. Calculate the highest common divisor of 13 and q.
13
Suppose s + 5*l - 15 = 0, -2*l = s + 2*s - 110. What is the greatest common divisor of 25 and s?
5
Let p(a) = -a**3 + 5*a**2 - 5*a + 11. Let d be p(3). What is the greatest common divisor of 686 and d?
14
Suppose 2*v - 4*d = 44, 4*v - 31*d + 33*d - 128 = 0. What is the highest common factor of 1260 and v?
30
Let t be 6 - (1 + 4 - 3). Suppose 14*i + 16 = 128. Calculate the greatest common divisor of i and t.
4
Suppose 0 = -f - 3*f - 12. Let o be 4*-36*(-2)/(-6)*f. Calculate the highest common factor of o and 16.
16
Suppose 4*r + 5*c - 64 = 599, -3*r - c + 489 = 0. Let y(h) = h**2 + h + 6. Let x be y(-4). What is the greatest common factor of x and r?
18
Suppose 0 = -4*t + 3*n + 275, 129 = 2*t + 15*n - 8*n. Let u = 11 - 7. What is the greatest common factor of t and u?
4
Let a(c) be the first derivative of 3*c**2/2 - c - 5. Let h be a(1). Suppose h*w = -0*w + 150. Calculate the greatest common factor of w and 30.
15
Let t be (-1)/1*(137 + -3)*-1. Calculate the highest common factor of 737 and t.
67
Let m be 0/(-2 + -2) - 2. Let b(f) = -f**3 - 2*f**2 + f + 4. Let j be b(m). Calculate the greatest common factor of j and 5.
1
Suppose 75*q = 66*q + 306. What is the greatest common factor of 85 and q?
17
Let t = -256 - -551. What is the greatest common divisor of t and 5?
5
Let d = 1638 - 1089. What is the highest common factor of 9 and d?
9
Let w(q) = -19*q + 18. Let k be w(0). Let j(s) = s**3 - 2*s**2 + 13*s - 6. Let t be j(9). Suppose -5*x + t = -42. What is the highest common factor of x and k?
18
Suppose 7*v = -6*v + 117. Let q = -1 - -7. Calculate the greatest common divisor of q and v.
3
Suppose 0 = -10*d + 4*d + 366. Suppose -5*o = 2*x - 109, 3*o - x = -0*o + d. What is the greatest common divisor of 21 and o?
21
Let y = 2 + -5. Let g be (y - -1)/4*-12. Suppose m - 14 = -2*d - m, 0 = 2*m - g. Calculate the highest common factor of d and 20.
4
Let f = -21 + 23. Suppose -f*m - 10 = -7*m. Suppose 4*b + 5*g = 51, -3*b - 2 + 40 = 4*g. Calculate the greatest common divisor of m and b.
2
Let s = 60 + 18. Let c = s + -73. Calculate the greatest common factor of 35 and c.
5
Suppose 20*t = 16*t + 308. Calculate the highest common factor of t and 143.
11
Let f = 75 - 71. What is the highest common factor of 52 and f?
4
Suppose -5*f + 2*n + 3632 = 0, -4*f - 3*n = -4*n - 2908. Calculate the greatest common factor of 39 and f.
13
Suppose u - 175 = -3*u + y, y = 3*u - 130. Suppose r + 40 = 6*r. Suppose r*n - 30 = 7*n. Calculate the highest common factor of u and n.
15
Let k be -3 + -4 + 4 - -34. Suppose -27*c = -k*c + 60. Calculate the greatest common factor of 3 and c.
3
Suppose -5*u + 16 + 44 = 0. Let g(r) = r**3 - 17*r**2 - 17*r - 12. Let w be g(18). Suppose -117 = -w*z - 9. What is the greatest common factor of z and u?
6
Suppose 9 + 26 = 5*m. Let c be (-378)/(-4)*18/27. What is the highest common factor of c and m?
7
Suppose -t - 5*c - 5 = -37, 4*c - 28 = -t. Suppose -4*y - 106 + 490 = 0. What is the highest common divisor of y and t?
12
Let h be (-2)/6 + (-2)/3. Let r be 4/(-4)*h*92. What is the greatest common divisor of 23 and r?
23
Suppose -3*a = a + 5*s + 28, 0 = 2*a - 2*s + 32. Let u = -10 - a. Calculate the highest common factor of u and 18.
2
Suppose 4*q = 7*q. Suppose q = -6*u + 275 - 71. What is the greatest common divisor of 272 and u?
34
Let z = 0 + 19. Let t(b) = -b**2 + 29*b - 101. Let d be t(24). Calculate the greatest common divisor of z and d.
19
Suppose 5*z = a - 5*a - 40, -3*a = 0. Let u = 3 - z. Let m(l) = -l**3 + 7*l**2 - 5*l + 5. Let v be m(6). What is the greatest common divisor of u and v?
11
Let q = -8 - -15. Suppose r + 104 = 2*y - 37, r - y + 144 = 0. Let v = -84 - r. What is the greatest common divisor of v and q?
7
Let w(h) = 9*h + 109. Let r be w(-7). What is the greatest common factor of r and 299?
23
Suppose 2*l + 5*p = p - 28, -16 = 4*l - 2*p. Let j be (-64)/l - (-1)/3. Suppose -5*n = j - 231. Calculate the highest common factor of n and 4.
4
Let a be 12/30 - 8/(-5). Let j(k) = k. Let w(q) = q**3 - 6*q**2 + 5*q + 2. Let p be w(5). Let x be j(p). What is the highest common factor of x and a?
2
Suppose 13*z - 6*z - 105 = 0. Suppose -z*h = -17*h + 312. What is the highest common factor of 39 and h?
39
Suppose 0 = 7*n - 526 - 1021. Calculate the greatest common factor of 13 and n.
13
Suppose 15*d - v - 31 = 12*d, -v + 14 = 2*d. Calculate the highest common factor of d and 99.
9
Let u be 333*(7/(-21) - -3). Calculate the highest common divisor of 24 and u.
24
Suppose 1176 = -l + 3*l. Suppose -14*r + l = -11*r. What is the highest common factor of r and 28?
28
Suppose 42*u = 41*u + 29. What is the greatest common factor of u and 1?
1
Let x(i) = -i**3 - 28*i**2 + i + 30. Let n be x(-28). Suppose -n = j - 7, -4*u - 5*j + 97 = 0. What is the greatest